 x be (-1)/(723645/180912 + -4). Let s = x + -32381. Is s prime?
False
Let p = -6016 + 12417. Is p prime?
False
Suppose 0 = 81*m - 82*m - 2*x + 66267, 4*m + 5*x = 265074. Is m prime?
True
Let n be 12/1 - 3 - 4. Let v = 7 - n. Suppose -h - 2*l + 345 = 0, -2*l - 1011 = -v*h - h. Is h a prime number?
False
Suppose 0 = 5*s + 2*z + 3578, 2*s - z + 1433 = -0*s. Let h be (-20296)/(-20) - (-2)/10. Let x = s + h. Is x a composite number?
True
Let h = -257 + 254. Let w(i) = -964*i**3 + 2*i**2 + 3*i - 4. Is w(h) composite?
True
Let y(q) = 12*q**2 + 5*q - 17. Let a(k) = -4*k**2 - 2*k + 6. Let f(o) = 11*a(o) + 4*y(o). Let j be f(-1). Let i(u) = 293*u - 1. Is i(j) a composite number?
False
Let c(r) = r**3 - 3*r**2 - 5*r - 20. Let a be c(5). Suppose 0*q + 3*d - 17231 = -2*q, 0 = -5*q + a*d + 43140. Is q composite?
False
Let f be (0*(-2)/6)/(-3). Let g be (f - -2)*(0 - (-9695)/2). Suppose -11*b - g = -16*b. Is b composite?
True
Let b = -53 + 56. Suppose 291 = b*v + 4*h, -2*v - h + 194 = 4*h. Suppose 0 = 3*a - 9, u - a + 21 = v. Is u a prime number?
True
Suppose 2881736 = 4*v + 5*n, 129*v = 132*v - n - 2161321. Is v a composite number?
False
Let d(l) = 114*l + 78. Let x be d(-4). Is (-2)/(-9) - 1975722/x prime?
True
Let w(y) = 3*y + 71. Let z(o) = -2*o - 36. Let a(i) = -4*w(i) - 7*z(i). Let b be a(13). Is (21078/(-27))/(4/b) composite?
False
Let o(m) be the first derivative of 21*m**3 + 21*m**2/2 + 13*m + 8. Is o(11) a prime number?
True
Suppose 12*y - 17*y = 2*z - 21, 4*z = y + 9. Suppose -2*c = -y*m - c + 1964, 2*m + 4*c = 1314. Is m composite?
True
Let b(q) = -29*q**3 + 7*q**2 - 22*q. Let p be b(-9). Suppose 0 = 2*f - p - 10208. Is f a composite number?
False
Let f = 81695 + -53904. Suppose -t = 4*b - f, -b + 49*t + 6956 = 52*t. Is b composite?
False
Let h be ((-134490)/(-25))/(-3 + (-54)/(-20)). Is ((-6)/(-4))/((-6)/h) composite?
False
Let b be 10/5*-2 - 19*-94. Let h = b - -1115. Is h composite?
False
Suppose 0 - 3 = -a. Suppose 2*d = a*h + h - 1264, 5*h - 5*d - 1585 = 0. Let t = -26 + h. Is t a prime number?
False
Let i = -14528 - -4478. Let l be ((-1)/3)/(2/i). Suppose -l - 1046 = -3*b. Is b a composite number?
False
Let b = 92 + -92. Suppose 16 = -4*c - 0*c, b = -3*t - c - 3076. Let v = t - -1443. Is v a prime number?
True
Suppose 0 = 13*v - 20819538 - 1302367. Is v a composite number?
True
Let l(m) = -916 - 71*m - 881 + 1831. Suppose -2*f + 55 = -5*b - 0*f, -f = 2*b + 13. Is l(b) composite?
False
Let u(y) be the third derivative of 47*y**4/24 - 52*y**3/3 - y**2 - 43*y. Is u(9) composite?
True
Let d be (-3)/7 - (-25)/(-7). Is ((-2983083)/122)/(6/d - 0) prime?
True
Let j(n) = n**3 - 10*n**2 - 183*n + 97. Is j(37) prime?
False
Suppose -28 = 6*j + 20. Let q(u) = 15*u**2 - 6*u - 11. Is q(j) a composite number?
False
Let s(j) = j**2 - 9*j - 10. Let o be s(10). Let a = 0 - -2. Suppose -a*u = -4*u - 5*l + 1368, -l + 2 = o. Is u composite?
True
Let a(v) = -v**2 - 6*v - 3 + 4*v - 9 + 2*v**2. Let h be a(5). Suppose -4*n = 12, 4*j - h*n = 8*j - 1619. Is j composite?
True
Suppose 22*a + 466548 = 5*a. Let x = a - -45521. Is x prime?
True
Let g = 118025 + -8868. Is g a prime number?
False
Let l = 18 + -15. Suppose -2*f - 4*a = -6, 0 = -5*f + l*a + 6 + 9. Suppose 1256 = 2*x - 3*m, -2*x + f*m = x - 1887. Is x composite?
False
Let r(p) = 639*p**3 + 871*p**2 + 8*p + 23. Is r(9) composite?
True
Let q be (2 - 6)*(-1965)/6. Let w = q + -486. Let d = -358 + w. Is d prime?
False
Let i = -1932 - -3440. Suppose 3*x = 19 - 7, -2*p - 5*x = 1822. Let y = p + i. Is y prime?
True
Suppose -22*r + 252 = -13*r. Suppose 11*x + r = -5. Is 1 - x/(4/(26080/6)) composite?
True
Let z(l) = 25*l + 3*l**2 + 1 - 13*l - 6 + 3. Let h be z(-4). Is (1 + -4407)*(-2)/(-8)*h composite?
False
Suppose -3*f + 298615 = -2*j, -63*j + 58*j - 398151 = -4*f. Is f a prime number?
False
Let j = -16855 - -26351. Let z = j + -2351. Is z a composite number?
True
Suppose 2*r + 7 = 5*d, 3*d + 0*d = 2*r + 1. Let c be (102/(-4))/(d/102). Let n = c + 1604. Is n a prime number?
False
Let v(c) = 3*c + 4. Let n be v(-3). Let s(f) = 155*f**2 + 9*f + 1. Is s(n) a prime number?
False
Is 8/36 + (-7232125)/(-225) + -2 a composite number?
False
Let w = 39 + -37. Is 3 + (w - -41)/((-9)/(-1260)) composite?
True
Let b = -62 + 66. Suppose -4*g + g = b*v - 41237, 0 = -4*g - 3*v + 54992. Is g composite?
False
Let z be -5 - 91 - (0 - 1). Let y = z - -164. Is 10948/y - 2/(-6) prime?
False
Suppose 10*t + 45*t = 17*t + 52022. Is t composite?
True
Let v(u) = -u + 25. Let d be v(13). Let i be (-3)/2*(-2 + (-47824)/d). Let f = i + -1264. Is f a composite number?
True
Let w = -463 + 478. Suppose 0 = -w*o + 94846 + 150149. Is o a composite number?
False
Suppose -4*z = -6*z + 6. Suppose i = -3, -z*i + 343 = 4*a - 8. Suppose 0 = -89*v + a*v - 5471. Is v a composite number?
False
Suppose 2*z + 148 = -5*d + 3*z, 0 = 4*d + z + 122. Let k = 41 + d. Suppose 4609 = k*j - 0*j. Is j composite?
False
Let i(w) = -493*w - 1042. Is i(-5) composite?
False
Let m(i) = -15*i - 1. Let w(p) = -5*p. Let d(f) = -6*m(f) + 17*w(f). Let x be d(7). Suppose -28 = -t + x. Is t composite?
True
Let v = 2003 - 1149. Let k = -493 + v. Is k prime?
False
Let n(r) = 17 - 2*r**2 + 157*r**3 + 2*r**2 + 3*r + 3*r**2 - 26 - 2*r**2. Is n(2) prime?
False
Let o = 15 + -38. Let n be 1104/o*(-44)/6. Let w = 537 - n. Is w prime?
False
Let q = 453308 - -111169. Is q prime?
False
Let h(b) = 6*b**2 - 18*b + 37. Suppose -3*v + 5*z + 34 = 0, -13*v - z = -10*v - 58. Is h(v) a composite number?
False
Let h(k) = 673*k + 1. Let q(n) = -n**3 - 5*n**2 - 4*n + 1. Let b be 4 + -7 - (-1 - -2). Let o be q(b). Is h(o) a prime number?
False
Let v be ((-80)/(-5))/(7 + -5). Let q(z) = 452*z - 9. Is q(v) prime?
True
Let h be -2 + 6 + 0 + -4. Let z(c) = -c - 5*c + 0 - 17 + h*c. Is z(-9) composite?
False
Let j be (1*-8)/(10/5). Let b be (-27)/(-9)*j/(-3). Suppose 4*g - 1264 = 5*k - 73, -b*k + 1200 = 4*g. Is g composite?
True
Let j(x) = 14*x**3 + 2*x**2 + x + 5. Let d be j(4). Let u = -9856 - -11908. Let h = u - d. Is h a composite number?
True
Let h(q) = -288*q**3 - 14*q**2 - 109*q - 8. Is h(-5) prime?
True
Let z(o) = 7599*o**2 + 2*o + 3. Let x be z(1). Suppose w = -m - 4*w + x, 2*m - 15219 = w. Is m composite?
True
Suppose -39928 - 115320 = -8*u. Suppose -19*d + u = -33965. Is d composite?
True
Let g(h) = 286*h**3 - h + 1. Is g(4) a composite number?
False
Let i be 376/(-72) - (-4)/18. Let z(f) = -106*f**3 + f**2 + 32. Is z(i) a composite number?
True
Let f = -123 - -138. Is 1913/4*(19 - f) a composite number?
False
Let r = 275572 - 193211. Is r prime?
True
Suppose -879948 = -110*x + 4094912. Is x a prime number?
False
Let l(o) = -o**3 + o**2. Let a(b) = 5*b**3 - 23*b**2 - 6*b + 13. Let i = -28 - -22. Let d(w) = i*l(w) - a(w). Is d(-14) composite?
False
Is (-345965)/(-4) + 0 - ((-169)/(-52))/13 a prime number?
True
Suppose 4*x + 5*m - 27416 = 0, 0 = 4*x - 3*m - 26760 - 624. Let n = x + -4646. Is n a prime number?
True
Let h be ((-459)/(-6))/(3/(-6)). Let a be (-430521)/(-468) + (-2)/(-24). Let i = h + a. Is i a composite number?
True
Let r = -378916 + 552402. Is r a prime number?
False
Suppose 46*f + 154*f - 69589206 = 38*f. Is f a prime number?
True
Suppose -1050 = -3*p + 3*w, -6*p + 5*w = -2*p - 1400. Suppose 3 = 5*k + 263. Let g = k + p. Is g a composite number?
True
Suppose 5*p = -2*v + 9433, v + 60*p - 61*p - 4706 = 0. Suppose -20524 = -5*k - v. Is k a prime number?
True
Let y = -1017 + 1782. Suppose 16887 = 12*n - y. Is n a prime number?
True
Suppose 9*a = 4*r + 14*a - 98342, -5*r + 5*a = -122995. Is r composite?
False
Suppose 18*p = 9*p - 10791. Suppose a + a = -1512. Let u = a - p. Is u composite?
False
Suppose 3*m + 0 = -0. Let w = 22802 + -15222. Suppose m = 17*d - 7*d - w. Is d a composite number?
True
Let y = -22 - -36. Let q = 21 - y. Suppose 1804 = -q*w + 6837. Is w a composite number?
False
Let v = 5057 - -28962. Is v composite?
False
Let i(l) be the third derivative of l**5/15 + 19*l**4/24 + 161*l**3/6 + 200*l**2. Is i(-10) a composite number?
True
Let w = 2614 - -2566. Let z = -2163 + w. Is z a prime number?
False
Let d(u) = -3*u - 32. Let m be d(-13). Suppose 5 = m*s - 58. Let h(c) = 12*c**2 + 7*c + 4. Is h(s) prime?
True
Suppose c = -4*n + 115241, 0 = -4*c + c - 3*n + 345741. Is c com